be (-1)/1 - (-4 - -3). Suppose 3*q + 3*a - 4 = 4*a, 2*q + 3*a - 10 = r. Determine u(q).
3
Let d be ((-162)/(-72))/((-3)/8). Let f(o) = -5*o**2 + 14*o - 4. Let z(s) = 6*s**2 - 15*s + 5. Let g(y) = d*z(y) - 7*f(y). Calculate g(-8).
-2
Let v(m) = m**3 + 19*m**2 + 19*m + 26. Suppose -2*y - 2*l - 34 = 6, -44 = 2*y + 4*l. Calculate v(y).
8
Let o(q) be the third derivative of -q**4/24 - 13*q**3/6 + 2*q**2 - 1. Give o(-14).
1
Suppose 14 = 159*l - 157*l. Let k(q) = q**2 - 6*q - 4. Calculate k(l).
3
Suppose 0 = 4*s - 2*o - 26, -s + 5 = 4*o - 5*o. Let h(f) = 2*f - 1. Calculate h(s).
15
Let s(v) = -v + 1. Let j(z) = z**2 + 8*z + 15. Let x be j(-6). Let h(c) = c**3 - 7*c**2 + 5. Let n be h(7). Suppose x = 4*k - n. What is s(k)?
-1
Let u(a) be the third derivative of a**5/60 - 17*a**4/24 + 5*a**3 - 20*a**2 + 4. What is u(15)?
0
Let s(w) = -9*w**2 + 29*w**2 + w - 13*w**2 - 4*w**2 + 0*w. Determine s(-1).
2
Let q(s) be the first derivative of -29 + 7/2*s**2 - 8*s + 1/3*s**3. What is q(-6)?
-14
Let c(r) be the third derivative of -r**6/120 + r**5/12 - r**4/8 - r**3/2 - 3*r**2. Suppose -29*p + 33*p = 16. What is c(p)?
1
Let q(t) = -t**2. Let b(s) = -4*s**2 - 13*s - 16. Let l(f) = -b(f) + 5*q(f). Determine l(14).
2
Let a(t) = 5*t**2 - 9*t - 11. Let i(k) = -14*k**2 + 26*k + 32. Let m be (-3)/(-9) - 34/3. Let g(f) = m*a(f) - 4*i(f). Give g(7).
7
Let w(z) be the first derivative of z**3/3 + 9*z**2/2 - 19*z + 117. Determine w(-11).
3
Let b(f) = f - 11. Let h be b(15). Suppose -6*z + 8 = -h*z. Let c(n) be the first derivative of n**3/3 - 3*n**2 - n - 1. Calculate c(z).
-9
Let a(t) = -t**2 - 14*t + 33. Let f = -1109 - -1093. Give a(f).
1
Let y(j) = 15*j - 61. Let a(x) = -34*x + 126. Let b(z) = 3*a(z) + 7*y(z). What is b(18)?
5
Let m be (-6)/(-2) - (-1 + -1). Suppose 3*s + 3*r + 15 = 0, -m*r + 14 = -2*s - 24. Let q(h) = h**3 + 9*h**2 + h + 10. Give q(s).
1
Let c(g) = -g + 2. Let m be (-1)/(-3) + 38/(-6). Let f be ((-135)/75)/((-2)/(-10)). Let l be (-3)/f - 28/m. Calculate c(l).
-3
Let n(w) = w**2 - 6*w + 5. Let h(d) = -2*d - 20. Let j be h(-12). Let k be 2/(j/(-1 + 49)). Suppose 5*z = -25, g - 2*z = 2*z + k. Determine n(g).
-3
Let v(r) = r**2 + 9*r - 23. Let t be v(-11). Let f be (-3)/(-7) - t/(28/(-40)). Let b(y) = -y. Give b(f).
1
Let u(a) = -a + 5. Let w = -539 + 531. Give u(w).
13
Let u(q) = 2*q**2 - 3*q - 4. Let l be u(3). Suppose -2*v - 3*v - 30 = -l*j, 0 = v + 4. Let g(d) = -3*d + d - d + j*d - 5. What is g(-7)?
2
Let l(w) be the second derivative of -7/6*w**3 - 20*w + 0 + 1/12*w**4 + 2*w**2. Calculate l(7).
4
Let z(l) = l**2 - 6*l - 2. Let f = -2 - -9. Let n be z(f). Let x(c) = 2*c**2 + 4*c**2 + 4 - n*c**2 - 3 - c**3. Determine x(0).
1
Let q(m) = 18*m + 12. Let z be q(-6). Let n be z/60*5*1. Let i(g) = -g**2 - 7*g + 3. Determine i(n).
-5
Suppose 2*m + 4 + 0 = 0. Let j = -3 - m. Let t(u) = -26*u**2 - 6*u - 1. Let l(h) = 18*h**2 + 5*h + 1. Let a(d) = -4*l(d) - 3*t(d). What is a(j)?
7
Suppose -o + 0 - 2 = 0. Let y = 2 - o. Let z(r) = r**2 + 1. Let u(s) = -5*s**2 - 5*s - 7. Let a(v) = u(v) + 6*z(v). What is a(y)?
-5
Let c(p) be the third derivative of -p**5/60 - p**4/8 + 77*p**2. Calculate c(-5).
-10
Let g(d) = 20*d. Let j = -300 - -299. What is g(j)?
-20
Let p(d) = 3*d**2 + 4*d - 5. Let w(i) = 19 + 4*i**2 - 17*i**2 + 0*i**2 - 16*i. Let o(m) = 9*p(m) + 2*w(m). Let h be -1 + 10*(-5)/10. Give o(h).
5
Let w(r) = r**3 + 6*r**2 - 8*r - 7. Let a be w(-7). Suppose 4 = 4*y - a*y, -47 = 5*j - 2*y. Let f = 7 + j. Let l(o) = -o**3 - 6*o**2 - 2*o + 2. What is l(f)?
-10
Let v(k) = -13*k**3 + 26*k**2 - 40*k + 53. Let m(i) = 3*i**3 - 7*i**2 + 9*i - 13. Let l(d) = 9*m(d) + 2*v(d). Give l(11).
0
Let c(w) = -w**3 + 3*w - 1. Let p be c(2). Let b(m) be the third derivative of 1/24*m**4 - 9*m**2 + 0*m + 0 + 0*m**3. Calculate b(p).
-3
Let u(f) = -f**2 + 1. Let p be u(0). Let c be (p - (-2)/(-6))*(-1 - 8). Let m(r) = r**3 + 5*r**2 - 5*r - 6. Determine m(c).
-12
Let w(a) = 9 - 4*a**2 - 12*a + a**2 + 2*a**2 - 5 + 3. Calculate w(-11).
18
Let p = 26 + -22. Let f(s) be the third derivative of s**5/120 - s**4/24 + s**3/6 + 3*s**2. Let z(n) be the first derivative of f(n). Determine z(p).
3
Let t(h) = h - 10. Let c be -12 + 7 + 12 - 1. Give t(c).
-4
Let l be (-13 - -11) + 14/21*-6. Let j(a) be the first derivative of a**4/4 + 2*a**3 + a**2 - 2*a - 1. Give j(l).
-14
Let q(z) = 2*z**2 + 13*z - 2. Suppose 5*n = t + 29, -2*n = -5*t + 165 - 218. What is q(t)?
43
Let o(c) = 1. Let y(t) = t - 7. Let m = 5 + -4. Let f(z) = m*y(z) - 3*o(z). Let x be f(14). Let s(u) = u**2 - 2*u + 5. What is s(x)?
13
Let b = 4 - 7. Let d(m) = -8*m**2 + 0 - 2*m**3 - 22*m**2 + 26*m**2 - 3. What is d(b)?
15
Let o(t) = -2*t**2 + 22*t + 75. Let b(s) = -s**2 + 11*s + 40. Let i(r) = 11*b(r) - 6*o(r). Calculate i(13).
16
Let v = 14 + -21. Let o(r) = -4*r - 9. Let n(q) = q - 1. Let s(j) = 3*n(j) + o(j). Let b be s(v). Let y(p) = p + 3. Give y(b).
-2
Let t be ((-24)/9)/(4/(-6)). Let c(w) be the second derivative of -1/20*w**5 + 1/4*w**4 + 0 + 5/2*w**2 + 42*w + 1/2*w**3. What is c(t)?
1
Let x(b) = 2*b**2 + b**2 + 3 - 4*b - 5*b**2 + b**2. Let w(u) = 4*u**2 + 11*u - 10. Let z(t) = -2*w(t) - 7*x(t). Let o = 9 - 3. What is z(o)?
-1
Let i(r) = 2*r - 5*r - 5*r + 1. Let f(b) = -b - 3. Let h = 16 + -18. Let o be f(h). Give i(o).
9
Let y(x) = -x + 3. Suppose -604 + 672 = -17*s. Give y(s).
7
Let u(m) = 3*m + m**3 - 7*m**2 + 63 - 190 + 3*m + 61 + 68. What is u(6)?
2
Let x(g) = -21*g**2 - 7 + 10*g**2 + 17*g**3 + 12*g - 16*g**3. Give x(10).
13
Let r(p) = 5*p - 3. Suppose 16*i + 5 = 21*i. Let v(g) = g - 1. Let m(n) = i*r(n) - 2*v(n). Suppose -2*q + 6*q + 8 = 0. Give m(q).
-7
Let v(m) = m - 1. Let o(z) = z + 1. Let b(x) = x - 7. Let t(q) = b(q) + 2*o(q). Let k be t(3). Calculate v(k).
3
Let r(i) be the third derivative of 0*i - 1/3*i**3 + 0 + 8*i**2 - 1/24*i**4. What is r(-3)?
1
Let g(w) = 17 - 2*w + 16 - 60 + 10 + 12. What is g(5)?
-15
Let k(b) = b - 2. Let q be k(-2). Let x(f) = -6*f**2 + 9*f**2 - 2*f**2 + 4*f + 7 - 1. Determine x(q).
6
Let y(d) = -d**3 - 9*d**2 - 10*d - 17. Let o be (18/15)/(6 - (-1599)/(-260)). Calculate y(o).
-1
Let i(k) = k**2 - 6*k + 3. Suppose -5*p - 125 = -5*j, -3 + 15 = 4*j. Let o = p + 21. Let g be (-2)/o + -6 + 10. Give i(g).
3
Let h(p) = 3*p - 9. Let i = 63 - 28. Suppose -12*f + i = -7*f. What is h(f)?
12
Let r = -1284 - -1277. Let b(m) = -3*m**3 + 11*m**2 + 15*m + 11. Let t(o) = o**3 - 6*o**2 - 7*o - 5. Let q(i) = -2*b(i) - 5*t(i). Calculate q(r).
17
Let r(l) = -17*l - 1. Let w(x) = 8*x. Suppose -2*m = -6, -3*m - 9 + 0 = -3*y. Let v(i) = y*r(i) + 13*w(i). Suppose 6 + 2 = 2*s. Give v(s).
2
Let c(y) be the second derivative of y**4/12 - 5*y**3/6 - y**2 - y. Let k = 84 + -63. Let q be (-3 + -1)/((-14)/k). What is c(q)?
4
Let a(k) = -k**3 - k**2 + 2*k - 3. Let x be 4/4*2 - -10. Suppose 2*i + 2*q = 5*q + 27, q = i - x. Suppose -5*s - i = 6. Calculate a(s).
9
Let u(g) = -g**2 - 13*g + 52. Let t be u(-16). Let m(k) be the third derivative of -k**5/60 + k**4/4 - 5*k**3/6 + 2*k**2. What is m(t)?
3
Let n(t) = -2*t**2 + t + 2. Let j(g) = 9*g**2 + 2*g - 9. Let i(y) = j(y) + 5*n(y). Give i(5).
11
Let i = -45 - -48. Suppose i = -14*u + 11*u. Let x(m) = 7*m**3 + m + 1. What is x(u)?
-7
Let u(v) = 1. Let q(c) = 36*c + 7. Let l(a) = q(a) - 6*u(a). Determine l(-1).
-35
Let o(m) = -22*m + 11. Let w(z) = -4*z + 2. Let k(f) = -o(f) + 5*w(f). Let c(l) = l**2 + l - 7. Let g be c(0). Determine k(g).
-15
Let h(b) = b**2 + 7*b + 4. Suppose 54 = 17*x - 26*x. Give h(x).
-2
Let j(a) = -a + 38. Suppose 6*o = o - 5*n, 5*o = 4*n. Give j(o).
38
Let m(o) = -o**2 - o + 2. Let v(r) = 6*r**2 - 11*r - 11. Let d(i) = 3*m(i) + v(i). Give d(6).
19
Let d(p) be the second derivative of -p**4/12 + 5*p**3/3 + 114*p - 1. What is d(8)?
16
Let a(j) be the second derivative of -j**4/4 + j**3/6 - j. Let q = 23 - 58. Let v = 36 + q. Determine a(v).
-2
Suppose 39*r - 36 = 27*r. Let k(y) = y + 3. Calculate k(r).
6
Let v(o) = 63 - 52 - 9*o - 2*o - 52. Calculate v(-4).
3
Let u(w) = -3*w + 3695*w**3 - 3693*w**3 - 2*w**2 + 2*w. Give u(-1).
-3
Let k(j) = 3*j**2 - 9*j - 6. Let z(f) = 2*f**2 - 8*f - 5. Let s = 96 + -90. Let g(x) = s*k(x) - 7*z(x). What is g(1)?
5
Let v(r) = -9*r - 9. Let t(u) = 4*u - 40 + 45 + u. Let x(w) = -11*t(w) - 6*v(w). Determine x(3).
-4
Let w(i) 